{"id":1234,"date":"2025-05-05T14:50:50","date_gmt":"2025-05-05T14:50:50","guid":{"rendered":"https:\/\/arrotconce.com\/?page_id=1234"},"modified":"2025-05-05T14:50:50","modified_gmt":"2025-05-05T14:50:50","slug":"altalanos-szerzodesi-feltetelek","status":"publish","type":"page","link":"https:\/\/arrotconce.com\/?page_id=1234","title":{"rendered":"\u00c1ltal\u00e1nos szerz\u0151d\u00e9si felt\u00e9telek"},"content":{"rendered":"<p>\u00dcdv\u00f6z\u00f6lj\u00fck a <a href=\"https:\/\/arrotconce.com\/\">arrotconce.com<\/a> weboldal\u00e1n!<\/p>\n<p>Ezek a felt\u00e9telek a <a href=\"https:\/\/arrotconce.com\/\">arrotconce.com<\/a> honlap haszn\u00e1lat\u00e1nak szab\u00e1lyait \u00e9s szab\u00e1lyait \u00edrj\u00e1k le, amely a <a href=\"https:\/\/arrotconce.com\/\">arrotconce.com<\/a> c\u00edmen tal\u00e1lhat\u00f3.<\/p>\n<p>A honlapra val\u00f3 bel\u00e9p\u00e9ssel felt\u00e9telezz\u00fck, hogy \u00d6n elfogadja ezeket a felt\u00e9teleket. Ne folytassa a <a href=\"https:\/\/arrotconce.com\/\">arrotconce.com<\/a> honlap haszn\u00e1lat\u00e1t, hacsak nem fogadja el az ezen az oldalon szerepl\u0151 \u00f6sszes felt\u00e9telt.<\/p>\n<p>A k\u00f6vetkez\u0151 terminol\u00f3gia vonatkozik ezekre a felt\u00e9telekre, az Adatv\u00e9delmi ir\u00e1nyelvekre \u00e9s a Jogi nyilatkozatra, valamint az \u00f6sszes meg\u00e1llapod\u00e1sra: &#8222;\u00dcgyf\u00e9l&#8221;, &#8222;\u00d6n&#8221; \u00e9s &#8222;\u00d6n&#8221;: \u00d6nt, a honlapot l\u00e1togat\u00f3 \u00e9s a T\u00e1rsas\u00e1g \u00c1ltal\u00e1nos Szerz\u0151d\u00e9si Felt\u00e9teleit betart\u00f3 szem\u00e9lyt jelenti. A &#8222;V\u00e1llalat&#8221;, &#8222;mi&#8221;, &#8222;minket&#8221;, &#8222;mi&#8221;, &#8222;mi\u00e9nk&#8221; \u00e9s &#8222;US&#8221; a V\u00e1llalatunkra utal. &#8222;F\u00e9l&#8221;, &#8222;felek&#8221; vagy &#8222;mi&#8221; az \u00fcgyf\u00e9lre \u00e9s r\u00e1nk egyar\u00e1nt vonatkozik. Minden kifejez\u00e9s az aj\u00e1nlatra, elfogad\u00e1sra \u00e9s a fizet\u00e9s ellen\u00e9rt\u00e9k\u00e9re vonatkozik, amely ahhoz sz\u00fcks\u00e9ges, hogy az \u00dcgyf\u00e9lnek az \u00dcgyf\u00e9l ig\u00e9nyeinek legmegfelel\u0151bb m\u00f3don t\u00f6rt\u00e9n\u0151 seg\u00edts\u00e9gny\u00fajt\u00e1si folyamat\u00e1t a T\u00e1rsas\u00e1g \u00e1ltal a holland joggal \u00f6sszhangban ny\u00fajtott eml\u00edtett szolg\u00e1ltat\u00e1sokkal kapcsolatban v\u00e9grehajtsuk. A fenti terminol\u00f3gia vagy m\u00e1s szavak egyes sz\u00e1mban, t\u00f6bbes sz\u00e1mban, nagybet\u0171vel \u00e9s\/vagy \u0151\/az vagy \u0151k haszn\u00e1lata felcser\u00e9lhet\u0151nek tekintend\u0151, \u00e9s ez\u00e9rt ugyanarra a dologra vonatkozik.<\/p>\n<p><b>Cookie<\/b><br \/>\nS\u00fctiket haszn\u00e1lunk &#8211; cookie. A <a href=\"https:\/\/arrotconce.com\/\">arrotconce.com<\/a> honlapj\u00e1ra val\u00f3 bel\u00e9p\u00e9ssel \u00d6n hozz\u00e1j\u00e1rul a s\u00fctik haszn\u00e1lat\u00e1hoz a <a href=\"https:\/\/arrotconce.com\/\">arrotconce.com<\/a> adatv\u00e9delmi politik\u00e1j\u00e1nak megfelel\u0151en.<\/p>\n<p>A legt\u00f6bb interakt\u00edv honlap s\u00fctiket haszn\u00e1l, hogy minden egyes l\u00e1togat\u00e1skor inform\u00e1ci\u00f3kat kapjon a felhaszn\u00e1l\u00f3r\u00f3l. Honlapunk cookie-kat haszn\u00e1l, hogy bizonyos ter\u00fcleteken funkcionalit\u00e1st biztos\u00edtson, \u00e9s megk\u00f6nny\u00edtse a weboldalunk l\u00e1togat\u00f3inak \u00e9lm\u00e9ny\u00e9t. Egyes partnereink\/hirdet\u00e9si partnereink is haszn\u00e1lhatnak cookie.<\/p>\n<p><b>Enged\u00e9ly<\/b><br \/>\nElt\u00e9r\u0151 rendelkez\u00e9s hi\u00e1ny\u00e1ban a <a href=\"https:\/\/arrotconce.com\/\">arrotconce.com<\/a> \u00e9s\/vagy licencad\u00f3i rendelkeznek a <a href=\"https:\/\/arrotconce.com\/\">arrotconce.com<\/a> honlapon tal\u00e1lhat\u00f3 valamennyi anyag szellemi tulajdonjog\u00e1val. Minden szellemi tulajdonjog fenntartva. A <a href=\"https:\/\/arrotconce.com\/\">arrotconce.com<\/a> honlapon tal\u00e1lhat\u00f3 anyagokhoz saj\u00e1t szem\u00e9lyes haszn\u00e1latra, a jelen \u00c1ltal\u00e1nos Szerz\u0151d\u00e9si Felt\u00e9telekben meghat\u00e1rozott korl\u00e1toz\u00e1sokkal f\u00e9rhet hozz\u00e1.<\/p>\n<p>Nem szabad:<\/p>\n<ul>\n<li>A <a href=\"https:\/\/arrotconce.com\/\">arrotconce.com<\/a> honlapj\u00e1n tal\u00e1lhat\u00f3 anyagok;<\/li>\n<li>A <a href=\"https:\/\/arrotconce.com\/\">arrotconce.com<\/a> honlapon tal\u00e1lhat\u00f3 anyagok elad\u00e1sa, b\u00e9rbead\u00e1sa vagy allicencbe ad\u00e1sa;<\/li>\n<li>A <a href=\"https:\/\/arrotconce.com\/\">arrotconce.com<\/a> honlap b\u00e1rmely anyag\u00e1nak reproduk\u00e1l\u00e1sa, sokszoros\u00edt\u00e1sa vagy m\u00e1sol\u00e1sa;<\/li>\n<li>A <a href=\"https:\/\/arrotconce.com\/\">arrotconce.com<\/a> honlap tartalma.<\/li>\n<\/ul>\n<p>Az oldal egyes r\u00e9szei lehet\u0151s\u00e9get biztos\u00edtanak a felhaszn\u00e1l\u00f3k sz\u00e1m\u00e1ra, hogy v\u00e9lem\u00e9nyeket \u00e9s inform\u00e1ci\u00f3kat tegyenek k\u00f6zz\u00e9 \u00e9s osszanak meg az oldal meghat\u00e1rozott ter\u00fcletein. A <a href=\"https:\/\/arrotconce.com\/\">arrotconce.com<\/a> nem sz\u0171ri, szerkeszti, teszi k\u00f6zz\u00e9 vagy vizsg\u00e1lja fel\u00fcl a hozz\u00e1sz\u00f3l\u00e1sokat, miel\u0151tt azok felker\u00fcln\u00e9nek az oldalra. A hozz\u00e1sz\u00f3l\u00e1sok nem t\u00fckr\u00f6zik a <a href=\"https:\/\/arrotconce.com\/\">arrotconce.com<\/a>, annak k\u00e9pvisel\u0151i \u00e9s\/vagy kapcsolt v\u00e1llalkoz\u00e1sai n\u00e9zeteit \u00e9s v\u00e9lem\u00e9ny\u00e9t. A hozz\u00e1sz\u00f3l\u00e1sok a hozz\u00e1sz\u00f3l\u00f3 szem\u00e9ly saj\u00e1t n\u00e9zeteit \u00e9s v\u00e9lem\u00e9ny\u00e9t t\u00fckr\u00f6zik. Az alkalmazand\u00f3 jogszab\u00e1lyok \u00e1ltal megengedett m\u00e9rt\u00e9kben a <a href=\"https:\/\/arrotconce.com\/\">arrotconce.com<\/a> nem v\u00e1llal felel\u0151ss\u00e9get a megjegyz\u00e9sek\u00e9rt, illetve a jelen honlapon tal\u00e1lhat\u00f3 megjegyz\u00e9sek felhaszn\u00e1l\u00e1sa \u00e9s\/vagy k\u00f6zz\u00e9t\u00e9tele \u00e9s\/vagy megjelen\u00e9se miatt okozott \u00e9s\/vagy felmer\u00fclt felel\u0151ss\u00e9gek\u00e9rt, k\u00e1rok\u00e9rt vagy k\u00f6lts\u00e9gek\u00e9rt.<\/p>\n<p>A <a href=\"https:\/\/arrotconce.com\/\">arrotconce.com<\/a> fenntartja a jogot, hogy ellen\u0151rizze a hozz\u00e1sz\u00f3l\u00e1sokat, \u00e9s elt\u00e1vol\u00edtson minden olyan hozz\u00e1sz\u00f3l\u00e1st, amelyet helytelennek, s\u00e9rt\u0151nek vagy a jelen \u00c1ltal\u00e1nos Szerz\u0151d\u00e9si Felt\u00e9teleket s\u00e9rt\u0151nek tart.<\/p>\n<p>\u00d6n garant\u00e1lja \u00e9s kijelenti, hogy:<\/p>\n<ul>\n<li>\u00d6nnek joga van hozz\u00e1sz\u00f3l\u00e1sokat k\u00f6zz\u00e9tenni a honlapunkon, \u00e9s rendelkezik az ehhez sz\u00fcks\u00e9ges enged\u00e9lyekkel \u00e9s jogos\u00edtv\u00e1nyokkal;<\/li>\n<li>A hozz\u00e1sz\u00f3l\u00e1sok nem s\u00e9rtik a szellemi tulajdonjogokat, bele\u00e9rtve, de nem kiz\u00e1r\u00f3lagosan, harmadik felek szerz\u0151i jogait, szabadalmait vagy v\u00e9djegyeit;<\/li>\n<li>A hozz\u00e1sz\u00f3l\u00e1sok nem tartalmaznak becs\u00fclets\u00e9rt\u0151, r\u00e1galmaz\u00f3, s\u00e9rt\u0151, obszc\u00e9n vagy m\u00e1s m\u00f3don jogellenes, a mag\u00e1n\u00e9let megs\u00e9rt\u00e9s\u00e9t jelent\u0151 anyagokat.<\/li>\n<li>A hozz\u00e1sz\u00f3l\u00e1sok nem haszn\u00e1lhat\u00f3k kereskedelmi vagy szem\u00e9lyes tev\u00e9kenys\u00e9gek rekl\u00e1moz\u00e1s\u00e1ra vagy n\u00e9pszer\u0171s\u00edt\u00e9s\u00e9re, illetve kereskedelmi vagy illeg\u00e1lis tev\u00e9kenys\u00e9gek k\u00e9pviselet\u00e9re.<\/li>\n<\/ul>\n<p>\u00d6n ezennel nem kiz\u00e1r\u00f3lagos enged\u00e9lyt ad a <a href=\"https:\/\/arrotconce.com\/\">arrotconce.com<\/a> arra, hogy b\u00e1rmilyen form\u00e1ban, form\u00e1tumban vagy m\u00e9diumban felhaszn\u00e1lja, reproduk\u00e1lja, m\u00f3dos\u00edtsa \u00e9s m\u00e1soknak enged\u00e9lyezze az \u00d6n hozz\u00e1sz\u00f3l\u00e1sainak felhaszn\u00e1l\u00e1s\u00e1t, reproduk\u00e1l\u00e1s\u00e1t \u00e9s m\u00f3dos\u00edt\u00e1s\u00e1t.<\/p>\n<p>Hiperlink az anyagainkhoz<\/p>\n<p>A k\u00f6vetkez\u0151 szervezetek el\u0151zetes \u00edr\u00e1sbeli enged\u00e9ly n\u00e9lk\u00fcl hivatkozhatnak honlapunkra:<\/p>\n<ul>\n<li>Korm\u00e1nyzati szervek;<\/li>\n<li>keres\u0151motorok;<\/li>\n<li>h\u00edrszervezetek;<\/li>\n<li>az online katal\u00f3gusokkal foglalkoz\u00f3 v\u00e1llalatok ugyan\u00fagy hivatkozhatnak az oldalunkra, ahogyan m\u00e1s, a t\u0151zsd\u00e9n jegyzett v\u00e1llalatok oldalaira is;<\/li>\n<li>akkredit\u00e1lt v\u00e1llalatok, kiv\u00e9ve a nonprofit szervezeteket, a j\u00f3t\u00e9konys\u00e1gi v\u00e1s\u00e1rl\u00f3k\u00f6zpontokat \u00e9s a j\u00f3t\u00e9konys\u00e1gi alap\u00edtv\u00e1nyokat, amelyek nem hivatkozhatnak oldalunkra.<\/li>\n<\/ul>\n<p>Ezek a szervezetek hivatkozhatnak honlapunkra, kiadv\u00e1nyainkra vagy a honlapon tal\u00e1lhat\u00f3 egy\u00e9b inform\u00e1ci\u00f3kra, felt\u00e9ve, hogy az ilyen hivatkoz\u00e1s (a) semmilyen m\u00f3don nem megt\u00e9veszt\u0151; (b) nem jelenti a hivatkozott f\u00e9l \u00e9s term\u00e9kei \u00e9s\/vagy szolg\u00e1ltat\u00e1sai hamis szponzor\u00e1l\u00e1s\u00e1t, j\u00f3v\u00e1hagy\u00e1s\u00e1t vagy j\u00f3v\u00e1hagy\u00e1s\u00e1t; (c) illeszkedik a hivatkozott oldal kontextus\u00e1ba.<\/p>\n<p>A k\u00f6vetkez\u0151 t\u00edpus\u00fa szervezetek egy\u00e9b linkk\u00e9relmeit is figyelembe vehetj\u00fck \u00e9s j\u00f3v\u00e1hagyhatjuk:<\/p>\n<ul>\n<li>A fogyaszt\u00f3k \u00e9s\/vagy v\u00e1llalkoz\u00e1sok \u00e1ltal\u00e1nosan ismert inform\u00e1ci\u00f3forr\u00e1sai;<\/li>\n<li>dot.com k\u00f6z\u00f6ss\u00e9gi honlapok;<\/li>\n<li>j\u00f3t\u00e9konys\u00e1gi szervezeteket k\u00e9pvisel\u0151 egyes\u00fcletek vagy egy\u00e9b csoportok;\n<ul>\n<li>online katal\u00f3gusok forgalmaz\u00f3i;<\/li>\n<li>internetes port\u00e1lok;<\/li>\n<li>sz\u00e1mviteli, jogi \u00e9s tan\u00e1csad\u00f3 c\u00e9gek;<\/li>\n<\/ul>\n<\/li>\n<li>oktat\u00e1si int\u00e9zm\u00e9nyek \u00e9s szakmai sz\u00f6vets\u00e9gek.<\/li>\n<\/ul>\n<p>Ezekt\u0151l a szervezetekt\u0151l sz\u00e1rmaz\u00f3 linkk\u00e9relmeknek akkor adunk helyt, ha meg\u00e1llap\u00edtjuk, hogy (a) a link nem k\u00e1ros sz\u00e1munkra vagy akkredit\u00e1lt v\u00e1llalkoz\u00e1sainkra n\u00e9zve; (b) a szervezet nem \u00e1ll vel\u00fcnk h\u00e1tr\u00e1nyos kapcsolatban; (c) a hiperlink l\u00e1that\u00f3s\u00e1g\u00e1b\u00f3l sz\u00e1rmaz\u00f3 el\u0151ny sz\u00e1munkra ellens\u00falyozza a val\u00f3di kilob\u00e1jtok hi\u00e1ny\u00e1t; \u00e9s (d) a link \u00e1ltal\u00e1nos forr\u00e1sinform\u00e1ci\u00f3hoz kapcsol\u00f3dik.<\/p>\n<p>Ezek a szervezetek hivatkozhatnak a honlapunkra, felt\u00e9ve, hogy a hivatkoz\u00e1s (a) semmilyen m\u00f3don nem megt\u00e9veszt\u0151; (b) nem sugallja hamisan a hivatkozott f\u00e9l \u00e9s annak term\u00e9kei vagy szolg\u00e1ltat\u00e1sai szponzor\u00e1l\u00e1s\u00e1t, j\u00f3v\u00e1hagy\u00e1s\u00e1t vagy j\u00f3v\u00e1hagy\u00e1s\u00e1t; \u00e9s (c) illeszkedik annak az oldalnak a kontextus\u00e1ba, amelyhez a snippet csatolt\u00e1k.<\/p>\n<p>Ha \u00d6n a 2. pontban felsorolt szervezetek egyike, \u00e9s szeretne hivatkozni az oldalunkra, akkor err\u0151l \u00e9rtes\u00edtenie kell minket a <a href=\"mailto:support@arrotconce.com\">support@arrotconce.com<\/a>. Adja meg nev\u00e9t, szervezet\u00e9nek nev\u00e9t, el\u00e9rhet\u0151s\u00e9g\u00e9t \u00e9s honlapj\u00e1nak URL-c\u00edm\u00e9t, valamint azon URL-c\u00edmek list\u00e1j\u00e1t, amelyekr\u0151l szeretne a honlapunkra hivatkozni, \u00e9s azon honlapjaink URL-c\u00edmeit, amelyekre szeretne hivatkozni. V\u00e1laszra 2-3 h\u00e9ten bel\u00fcl sz\u00e1m\u00edthat.<\/p>\n<p>Az enged\u00e9lyezett szervezetek a k\u00f6vetkez\u0151 m\u00f3dokon hivatkozhatnak honlapunkra:<\/p>\n<ul>\n<li>a c\u00e9g\u00fcnk nev\u00e9vel;<\/li>\n<li>vagy Uniform Resource Locator haszn\u00e1lat\u00e1val;<\/li>\n<li>vagy a hivatkozott oldalunk b\u00e1rmely m\u00e1s olyan le\u00edr\u00e1s\u00e1t haszn\u00e1ljuk, amely a hivatkozott f\u00e9l oldal\u00e1nak tartalm\u00e1nak kontextus\u00e1ban \u00e9s form\u00e1tum\u00e1ban megfelel\u0151.<\/li>\n<\/ul>\n<p>A <a href=\"https:\/\/arrotconce.com\/\">arrotconce.com<\/a> log\u00f3 vagy m\u00e1s m\u0171v\u00e9szi design haszn\u00e1lata linkek eset\u00e9ben nem megengedett, amennyiben nincs v\u00e9djegyhaszn\u00e1lati meg\u00e1llapod\u00e1s.<\/p>\n<p><b>IFRAME<\/b><\/p>\n<p>El\u0151zetes \u00e9s \u00edr\u00e1sos enged\u00e9ly n\u00e9lk\u00fcl nem hozhat l\u00e9tre olyan kereteket a honlapunk k\u00f6r\u00fcl, amelyek b\u00e1rmilyen m\u00f3don megv\u00e1ltoztatj\u00e1k a honlapunk vizu\u00e1lis megjelen\u00e9s\u00e9t vagy megjelen\u00e9s\u00e9t.<\/p>\n<p><b>A tartalom\u00e9rt val\u00f3 felel\u0151ss\u00e9g<\/b><br \/>\nNem vagyunk felel\u0151sek az \u00d6n honlapj\u00e1n k\u00f6zz\u00e9tett tartalmak\u00e9rt. \u00d6n v\u00e1llalja, hogy megv\u00e9d minket az \u00d6n honlapj\u00e1nak haszn\u00e1lat\u00e1b\u00f3l ered\u0151 b\u00e1rmely k\u00f6vetel\u00e9ssel szemben. Semmilyen honlap nem tartalmazhat olyan linkeket, amelyek r\u00e1galmaz\u00f3nak, obszc\u00e9nnek vagy b\u0171ncselekm\u00e9nynek tekinthet\u0151k, vagy amelyek harmadik f\u00e9l jogait s\u00e9rtik, s\u00e9rtik vagy m\u00e1s m\u00f3don s\u00e9rtik.<\/p>\n<p><b>Az \u00d6n adatv\u00e9delme<\/b><br \/>\nolvassa el adatv\u00e9delmi szab\u00e1lyzatunkat<br \/>\nFenntartjuk a jogokat<br \/>\nFenntartjuk a jogot, hogy elt\u00e1vol\u00edtsuk az oldalunkra mutat\u00f3 linkeket vagy konkr\u00e9t hivatkoz\u00e1sokat. \u00d6n v\u00e1llalja, hogy k\u00e9r\u00e9sre azonnal elt\u00e1vol\u00edtja az oldalunkra mutat\u00f3 hivatkoz\u00e1sokat. Fenntartjuk tov\u00e1bb\u00e1 a jogot, hogy b\u00e1rmikor megv\u00e1ltoztassuk ezeket a felt\u00e9teleket \u00e9s a linkel\u00e9si szab\u00e1lyzatot. Azzal, hogy b\u00e1rmikor hivatkozik az oldalunkra, \u00d6n elfogadja, hogy ezeket a hivatkoz\u00e1si felt\u00e9teleket \u00e9s kik\u00f6t\u00e9seket betartja \u00e9s betartatja.<\/p>\n<p>Linkek elt\u00e1vol\u00edt\u00e1sa az oldalunkr\u00f3l<\/p>\n<p>Ha b\u00e1rmilyen okb\u00f3l s\u00e9rt\u0151nek tal\u00e1l egy linket az oldalunkon, b\u00e1rmikor kapcsolatba l\u00e9phet vel\u00fcnk, hogy ezt tudassa vel\u00fcnk. A linkek elt\u00e1vol\u00edt\u00e1s\u00e1ra vonatkoz\u00f3 k\u00e9r\u00e9seket megfontoljuk, de nem vagyunk k\u00f6telesek k\u00f6zvetlen\u00fcl a felhaszn\u00e1l\u00f3nak v\u00e1laszolni.<\/p>\n<p>Nem szavatoljuk a honlapon tal\u00e1lhat\u00f3 inform\u00e1ci\u00f3k pontoss\u00e1g\u00e1t, nem garant\u00e1ljuk azok teljess\u00e9g\u00e9t vagy pontoss\u00e1g\u00e1t, \u00e9s nem v\u00e1llalunk semmilyen k\u00f6telezetts\u00e9get a weboldal rendelkez\u00e9sre bocs\u00e1t\u00e1s\u00e1ra vagy a honlapon tal\u00e1lhat\u00f3 anyagok naprak\u00e9szen tart\u00e1s\u00e1ra.<\/p>\n<p><b>Felel\u0151ss\u00e9gi nyilatkozat<\/b><br \/>\nAz alkalmazand\u00f3 jogszab\u00e1lyok \u00e1ltal megengedett legteljesebb m\u00e9rt\u00e9kben kiz\u00e1runk minden, a honlapunkkal \u00e9s a honlap haszn\u00e1lat\u00e1val kapcsolatos kijelent\u00e9st, garanci\u00e1t \u00e9s felt\u00e9telt. A jelen kiz\u00e1r\u00f3 nyilatkozatban foglaltak nem tartalmaznak:<\/p>\n<ul>\n<li>korl\u00e1tozza vagy kiz\u00e1rja a mi vagy az \u00d6n hal\u00e1l\u00e9rt vagy szem\u00e9lyi s\u00e9r\u00fcl\u00e9s\u00e9rt val\u00f3 felel\u0151ss\u00e9g\u00e9t;<\/li>\n<li>nem korl\u00e1tozza vagy z\u00e1rja ki a csal\u00e1s\u00e9rt vagy csal\u00e1rd f\u00e9lrevezet\u00e9s\u00e9rt val\u00f3 felel\u0151ss\u00e9g\u00fcnket vagy az \u00d6n felel\u0151ss\u00e9g\u00e9t;<\/li>\n<li>nem korl\u00e1tozza a mi vagy az \u00d6n felel\u0151ss\u00e9g\u00e9t olyan m\u00f3don, amelyet a vonatkoz\u00f3 jogszab\u00e1lyok nem enged\u00e9lyeznek;<\/li>\n<li>kiz\u00e1rja a mi vagy az \u00d6n felel\u0151ss\u00e9g\u00e9t, amely az alkalmazand\u00f3 jog szerint nem z\u00e1rhat\u00f3 ki.<\/li>\n<\/ul>\n<p>A felel\u0151ss\u00e9g korl\u00e1toz\u00e1sai \u00e9s kiz\u00e1r\u00e1sai ebben a szakaszban \u00e9s a jelen Felel\u0151ss\u00e9gi nyilatkozat m\u00e1s r\u00e9szeiben: (a) az el\u0151z\u0151 bekezd\u00e9s hat\u00e1lya al\u00e1 tartoznak; \u00e9s (b) a jelen Felel\u0151ss\u00e9gi nyilatkozat alapj\u00e1n felmer\u00fcl\u0151 valamennyi felel\u0151ss\u00e9gre vonatkoznak, bele\u00e9rtve a szerz\u0151d\u00e9ses, deliktu\u00e1lis \u00e9s t\u00f6rv\u00e9nyes k\u00f6telezetts\u00e9gszeg\u00e9sb\u0151l ered\u0151 felel\u0151ss\u00e9get is.<\/p>\n<p>Mindaddig, am\u00edg a honlap \u00e9s az azon tal\u00e1lhat\u00f3 inform\u00e1ci\u00f3k \u00e9s szolg\u00e1ltat\u00e1sok ingyenesen \u00e1llnak rendelkez\u00e9sre, nem v\u00e1llalunk felel\u0151ss\u00e9get semmilyen vesztes\u00e9g\u00e9rt vagy k\u00e1r\u00e9rt.<\/p>\n","protected":false},"excerpt":{"rendered":"<p>\u00dcdv\u00f6z\u00f6lj\u00fck a arrotconce.com weboldal\u00e1n! Ezek a felt\u00e9telek a arrotconce.com honlap haszn\u00e1lat\u00e1nak szab\u00e1lyait \u00e9s szab\u00e1lyait \u00edrj\u00e1k le, amely a arrotconce.com c\u00edmen tal\u00e1lhat\u00f3. A honlapra val\u00f3 bel\u00e9p\u00e9ssel felt\u00e9telezz\u00fck, hogy \u00d6n elfogadja ezeket&hellip;<\/p>\n","protected":false},"author":1,"featured_media":0,"parent":0,"menu_order":0,"comment_status":"closed","ping_status":"closed","template":"","meta":{"footnotes":""},"class_list":["post-1234","page","type-page","status-publish","hentry"],"_links":{"self":[{"href":"https:\/\/arrotconce.com\/index.php?rest_route=\/wp\/v2\/pages\/1234","targetHints":{"allow":["GET"]}}],"collection":[{"href":"https:\/\/arrotconce.com\/index.php?rest_route=\/wp\/v2\/pages"}],"about":[{"href":"https:\/\/arrotconce.com\/index.php?rest_route=\/wp\/v2\/types\/page"}],"author":[{"embeddable":true,"href":"https:\/\/arrotconce.com\/index.php?rest_route=\/wp\/v2\/users\/1"}],"replies":[{"embeddable":true,"href":"https:\/\/arrotconce.com\/index.php?rest_route=%2Fwp%2Fv2%2Fcomments&post=1234"}],"version-history":[{"count":1,"href":"https:\/\/arrotconce.com\/index.php?rest_route=\/wp\/v2\/pages\/1234\/revisions"}],"predecessor-version":[{"id":1235,"href":"https:\/\/arrotconce.com\/index.php?rest_route=\/wp\/v2\/pages\/1234\/revisions\/1235"}],"wp:attachment":[{"href":"https:\/\/arrotconce.com\/index.php?rest_route=%2Fwp%2Fv2%2Fmedia&parent=1234"}],"curies":[{"name":"wp","href":"https:\/\/api.w.org\/{rel}","templated":true}]}}